 7*m**4/2 - 27*m. Let k(x) be the third derivative of b(x). Give k(n).
-11
Let f(z) = -207*z**2 - 7*z + 106*z**2 + 102*z**2 + 5 + 20*z. Determine f(-11).
-17
Let v(q) = 56*q + 58. Let t be v(-1). Let w(p) = 7*p**2 + 6*p**t - 7*p - 12*p**2. Let h(z) = -z**3 - 3*z**2 + 2*z - 5. Let y be h(-4). Calculate w(y).
-12
Let v(x) = 23*x**2 + 32 + 29 - 5624*x**3 + 24*x + 5625*x**3 - 19 + 12. What is v(-22)?
10
Let f(b) = -43*b**2 - 7*b + 22. Let k(z) = 16*z**2 + 2*z - 8. Let y(l) = -3*f(l) - 8*k(l). Let i be 3*2/(-4)*4. What is y(i)?
4
Let d(j) = -j**2 - 10*j - 14. Suppose -b - 10 = w, 4*b + 15 - 5 = w. Determine d(w).
10
Let f(n) = n**2 - 9*n - 10. Let w be f(10). Let k(c) = 4 + 5 + 115*c - 46*c - 68*c. Determine k(w).
9
Suppose -89 = 81*u + 154. Let i(q) = q + 7*q + 0*q - 1. Let x(o) = -22*o + 4. Let d(j) = u*x(j) - 8*i(j). Calculate d(-8).
-20
Let u = 1 + 2. Let y(v) = 0*v**3 - v + 1 - 4 + v**u. Suppose 4*h - 5*l - 20 = -0*l, -h + 12 = -3*l. Calculate y(h).
-3
Suppose -4*h = -4*t - 2*h, 0 = 4*h + 16. Let r(m) = -87*m - 9. Let l be r(-3). Let w(n) = 252 + 0*n - 4*n + n**2 - 2*n**2 - l. What is w(t)?
4
Let w(n) = 4*n - 98. Let k(f) = f - 44. Let s(r) = 11*k(r) - 5*w(r). Give s(2).
-12
Let t(f) be the third derivative of -f**4/12 + 19*f**3/3 - 139*f**2 + 3*f. Give t(17).
4
Let u(w) be the first derivative of -28 - 1/3*w**3 + 5/2*w**2 - 2*w. Let p(t) = t**3 + 6*t**2 + 3*t - 5. Let l be p(-5). Calculate u(l).
-2
Let r(v) be the second derivative of -v**3/3 - 5*v**2 + 332*v. Calculate r(-16).
22
Let q = 13519 + -13516. Let z(m) = 8*m**2 + 7*m - 3. Determine z(q).
90
Let f(s) = -3*s**3 + 25*s**2 + 32*s - 3. Let u(t) = -2*t**3 + 13*t**2 + 17*t - 1. Let q(c) = -4*f(c) + 7*u(c). What is q(-3)?
5
Let n(o) = 2*o - 28*o**2 + 29*o**2 + 5*o. Let i(w) = w**2 - 9*w + 11. Let d be i(4). Calculate n(d).
18
Let d(x) be the second derivative of x**4/12 - 7*x**3/6 - 11*x**2/2 + x. Suppose -4*j = 3 + 17, -5*n + j = -80. Let i be -2 + 36/n + 266/35. Give d(i).
-3
Let u(k) = 6*k**3 - 8*k**2 + 17*k - 2. Let z(d) = -7*d**3 + 7*d**2 - 17*d + 1. Let l(i) = -6*u(i) - 5*z(i). Give l(12).
-53
Suppose -5*q + 16*j - 20 = 11*j, -2*j + 8 = 0. Let c(f) = -f**2 + f - 42. Determine c(q).
-42
Let q(m) be the second derivative of -m**5/20 - 5*m**4/6 + 7*m**3/6 - 13*m**2/2 - 8*m - 10. Determine q(-11).
31
Let x(j) = -2895*j - 18 - 1 + 2896*j. Give x(8).
-11
Let m(s) be the second derivative of s**3/6 - 2*s**2 + 2*s. Suppose 15*b - 6 = -2*p + 14*b, 7*p - 21 = b. Determine m(p).
-1
Let n(l) be the second derivative of 1/6*l**3 - 10*l - 4*l**2 + 0 - 1/24*l**4. Let r(a) be the first derivative of n(a). Calculate r(-2).
3
Let t(m) = 3*m**2 + m**3 - 1109*m - 34 + 2184*m - 1089*m. Calculate t(-5).
-14
Let s be ((-28399)/(-63) - -8) + 2/9. Let k = s - 457. Let i(a) = -3*a**2 + a + 4. What is i(k)?
-6
Let f(k) = 13*k**2 + 3*k - 5. Let i(c) = 188*c**2 + 43*c - 70. Let u(r) = -29*f(r) + 2*i(r). What is u(-3)?
-1
Let w be (-3 + 3)/(3 + -5 + 4). Suppose -15*q + 4 + 56 = w. Let l(p) = -p - 5. Let j(f) = 1. Let s(a) = 21*j(a) + 3*l(a). Calculate s(q).
-6
Let t = 13091 - 13083. Let x(s) = -9*s - 9. What is x(t)?
-81
Let g(t) = t**3 - 11*t**2 - 28*t + 314. Let s be g(11). Let b(x) = x**3 - 6*x**2 - 9*x + 51. Calculate b(s).
-3
Let m(c) = c**3 + 8*c**2 + 9*c + 16. Let b be m(-7). Let o(a) = -18 - b*a + 10 - 2. Determine o(7).
-24
Let z(k) = -39*k**2 - 6*k + 21. Let v be z(4). Let f = -629 - v. Let o(w) = w. Calculate o(f).
-2
Let r(q) = 165*q - 1508. Let s be r(9). Let g(o) = o**3 + 23*o**2 - 2*o - 38. Determine g(s).
8
Let o(y) = y**2 + 10*y + 17. Suppose -j - 12 = -2*c, 40*c + 31 = -3*j + 45*c. Determine o(j).
1
Suppose -12 = r + 3*r. Let p(x) = -2132 + 8*x**2 - x**2 - x**2 - 2*x**2 - 3*x**2 + 2135 + 2*x. Calculate p(r).
6
Let t(i) be the first derivative of i**7/840 - i**5/60 - i**4/8 - 47*i**3/3 + 71. Let g(b) be the third derivative of t(b). Calculate g(-2).
-7
Let r(l) = -1 + 12*l + 30457*l**2 + 13 - 30460*l**2. Determine r(6).
-24
Let g be (-40)/(-120)*(-1 + 58). Let v(o) = 23*o**2 - 19*o - o**3 - 4*o**2 + 19*o. Determine v(g).
0
Let d(k) = -6*k**2. Let f(z) = 5*z - 3. Let j be f(1). Suppose j*u - 2*t = 18, -u + 2*t = 6*t + 11. Suppose 0 = 5*y - u - 0. Determine d(y).
-6
Let c(t) = -4*t. Let i(m) = -17*m - 1. Let k(x) = 9*c(x) - 2*i(x). Let u = -37 - -38. Let p be (u + (-5)/10)*4. What is k(p)?
-2
Let z(c) = -47904*c - c**2 - 2*c**2 + 11 + 47903*c + 5*c**3 - c**2. What is z(2)?
33
Let b be 1880/1800 - 12/27 - 14/(-10). Let n(l) = 9*l + 3. Let j(r) = 9*r + 2. Let s(w) = 5*j(w) - 4*n(w). Determine s(b).
16
Suppose 2 = 9*z - 10*z. Let x = 0 - z. Let l(p) = -50 + 50 + p**x. Give l(1).
1
Let u(s) = 574*s**2 + 577*s**2 - 25*s + 577*s**2 - 1727*s**2 + 40. What is u(22)?
-26
Suppose n - 46 = -2*b, -2*b - 4*n - 47 = -5*b. Suppose 18 = -b*a + 15*a. Let p(y) = -2*y**2 - 3*y. Calculate p(a).
-9
Let a(m) = 4*m. Let c(v) = -11*v. Let f(t) = 8*a(t) + 3*c(t). Suppose 2406 = 90*p + 7536. Let l be 27/12*152/p. Determine f(l).
6
Let z(y) be the third derivative of y**6/120 + 19*y**5/30 - 11*y**4/6 - 199*y**3/6 + 22*y**2 - 2*y - 32. Determine z(-39).
-4
Let h(b) = b + 3. Let t be 14 + 2 - (17 + -15). Suppose a + t = 20. Suppose a*f + 11 = -19. Calculate h(f).
-2
Let j(a) = -24*a - 335. Let n(s) = 8*s + 101. Let k(m) = 2*j(m) + 7*n(m). Determine k(-8).
-27
Let z(a) = -4*a - 1. Let i be z(-1). Let y(c) = -c**2 - 11*c - 24. Let j be y(-8). Let o(r) = -10*r**2 + j*r**3 - r - 7*r**2 + 21*r**2 - r**3. Give o(i).
6
Suppose 0 = -5*w - 10, 0 = -4*l - w + 773 + 21. Let n = 202 - l. Let u(v) = -v**2. Calculate u(n).
-9
Let c(q) be the first derivative of 1/2*q**2 - 6*q + 38. Let u = -1 - -1. Determine c(u).
-6
Suppose 11*p - 1598 = 1185. Let w = p - 253. Let n(c) = -c - 2. Give n(w).
-2
Let n(l) = -l**3 + l**2 - l - 4. Let z(k) = -k**2 + 12*k - 11. Let t be z(11). Let d(p) = p**3 + 3*p**2 + 3. Let j be d(t). Suppose -j*i = -5*i. Give n(i).
-4
Suppose -2*h = -65 + 7. Suppose h*a - 26*a - 3 = 0. Let b(n) = 0 - a + n**2 + 3 - 8. Determine b(0).
-6
Let m(b) = 4*b - 5. Let d(z) = -6*z**3 + 23*z**2 - 25*z + 2. Let g be d(1). Determine m(g).
-29
Suppose -14*l = -20*l + 168. Suppose -l + 0 = 7*o. Let m be (2 - 1)/(o/8). Let s(i) = -3*i**3 - 3*i**2 - 2*i + 2. Calculate s(m).
18
Let x(w) = 15*w + 13. Let v(g) = -2*g**2 - 4*g - 28. Let s be v(-7). Let z = s - -97. Let t be x(z). Let c(k) = -4*k**2 + k. Give c(t).
-18
Suppose 4*u + 32 = -n - 15, -4*n - 188 = -4*u. Let q = 51 + n. Let a(z) = 46*z - 3 - 45*z + q. Give a(2).
3
Suppose 427*d - 431*d = -1332. Suppose 19*w - d = -276. Let q(m) = -3*m - 2 + 1 - 5*m. Calculate q(w).
-25
Let p(x) be the third derivative of -x**9/60480 + x**8/4032 - x**6/180 - x**5/20 + x**4/8 - 61*x**2. Let k(u) be the third derivative of p(u). Calculate k(5).
-4
Let y be 4/10 - (-6)/10. Suppose k + y = 3. Let s(i) = i**3 + 2*i**2 + 1 - 2*i**2 + 64*i - 66*i + 3*i**2 + 9*i**2 - 11*i**2. Give s(k).
9
Let r(x) be the second derivative of 72*x + 0 + 9/2*x**2 + 1/6*x**3. Calculate r(-6).
3
Let j(h) be the third derivative of -h**5/60 - 31*h**4/24 - 137*h**3/6 - 52*h**2 + 36. Calculate j(-26).
-7
Suppose 3*c = 12, 3*o - 91 + 36 = 2*c. Let k = -15 + o. Let b(v) = 0 + 4*v - 6*v + 4*v - 2. What is b(k)?
10
Let k(c) be the second derivative of c**5/120 - 7*c**4/24 + 77*c**3/6 - 53*c - 2. Let w(l) be the second derivative of k(l). Determine w(10).
3
Let m(f) = 43*f - 24. Let l(g) = 15*g - 1. Let u(v) = 3*l(v) - m(v). What is u(12)?
45
Suppose -g + 3*v = -16, 0 = -14*g + 12*g + 3*v + 26. Let n be 1 - (1 - (0 + -2)). Let x be 2*(4/n)/(g + -6). Let s(q) = q + 2. Calculate s(x).
1
Let q(p) = 7 + 2*p**3 - 30195*p + 30195*p + 5*p**2. What is q(-4)?
-41
Let i(f) = -37*f - f**3 + 103*f - 5 - 58*f - 2*f**2 + 7*f**2. Determine i(6).
7
Let k be ((-1)/6*-14)/((-9)/(-27)). Let w(z) = -50*z + k + 29*z - 14 + 23*z - 19. Calculate w(13).
0
Let r = -1131 - -1124. Suppose -3*t = -2*k - 2*k + 48, 2*k - 2*t = 26. Let y(u) = -1 - 2*u**2 - k*u + 0*u**2 + 3*u**2 - 2*u**2. Calculate y(r).
13
Let n(y) be the third derivative of y**5/60 - y**4/8 - y**3/2 - 1199*y**2. What is n(5)?
7
Let s(q) be the second derivative of 7*q**3/6 - q**2 + q - 47. What is s(5)?
33
Let v(l) = l**3 + 11*l**2 - 12*l - 8. Suppose 2*n - 3*n + 4*a - 18 = 0, -2*n - 3*a = 3. Let 